{"id":91,"date":"2017-11-12T15:25:03","date_gmt":"2017-11-12T15:25:03","guid":{"rendered":"http:\/\/staatserbschaften.de\/?page_id=91"},"modified":"2018-05-25T07:17:28","modified_gmt":"2018-05-25T07:17:28","slug":"impressum","status":"publish","type":"page","link":"http:\/\/staatserbschaften.de\/?page_id=91","title":{"rendered":"Impressum"},"content":{"rendered":"<div class=\"impressum\">\n<p>Verantwortlich f\u00fcr diese Homepage ist:<\/p>\n<p>Frank Arne Teschner<br \/>\nLiebknechtstra\u00dfe 87<br \/>\n63303 Dreieich<\/p>\n<p><strong>Kontakt:<\/strong><br \/>\nTelefon: 0177-713 25 17<br \/>\nE-Mail: <a href=\"mailto:info@staatserbschaften.de\">info@staatserbschaften.de<\/a><\/p>\n<\/div>\n<p>Der Autor ist bestrebt, in allen Publikationen die Urheberrechte der verwendeten Grafiken, Tondokumente, Videosequenzen und Texte zu beachten, selbst erstellte Grafiken, Tondokumente, Videosequenzen und Texte zu nutzen oder auf lizenzfreie Grafiken, Tondokumente, Videosequenzen und Texte zur\u00fcckzugreifen.<\/p>\n<p>Alle innerhalb des Internetangebotes genannten und ggf. durch Dritte gesch\u00fctzten Marken- und Warenzeichen unterliegen uneingeschr\u00e4nkt den Bestimmungen des jeweils g\u00fcltigen Kennzeichenrechts und den Besitzrechten der jeweiligen eingetragenen Eigent\u00fcmer. Allein aufgrund der blo\u00dfen Nennung ist nicht der Schluss zu ziehen, dass Markenzeichen nicht durch Rechte Dritter gesch\u00fctzt sind!<br \/>\nAlle in diesem Internetangebot ver\u00f6ffentlichten Beitr\u00e4ge und Abbildungen sind urheberrechtlich gesch\u00fctzt. Eine Vervielf\u00e4ltigung oder Verwendung solcher Grafiken, Tondokumente, Videosequenzen und Texte in anderen elektronischen oder gedruckten Publikationen ist ohne ausdr\u00fcckliche Zustimmung des Autors nicht gestattet.<\/p>\n<p>Jede Form der Verwertung bedarf unserer vorherigen schriftlichen Zustimmung.<\/p>\n<p>Datenschutz<\/p>\n<p>Alle in diesem Internetangebot genannten Personen widersprechen hiermit<br \/>\njeder kommerziellen Verwendung und Weitergabe ihrer Daten<br \/>\n(\u00a7 28 Bundesdatenschutzgesetz BDSG).<\/p>\n","protected":false},"excerpt":{"rendered":"<p>Verantwortlich f\u00fcr diese Homepage ist: Frank Arne Teschner Liebknechtstra\u00dfe 87 63303 Dreieich Kontakt: Telefon: 0177-713 25 17 E-Mail: info@staatserbschaften.de Der Autor ist bestrebt, in allen Publikationen die Urheberrechte der verwendeten Grafiken, Tondokumente, Videosequenzen und Texte zu beachten, selbst erstellte Grafiken, Tondokumente, Videosequenzen und Texte zu nutzen oder auf lizenzfreie Grafiken, Tondokumente, Videosequenzen und Texte zur\u00fcckzugreifen. [&hellip;]<\/p>\n","protected":false},"author":1,"featured_media":0,"parent":0,"menu_order":0,"comment_status":"closed","ping_status":"closed","template":"","meta":[],"_links":{"self":[{"href":"http:\/\/staatserbschaften.de\/index.php?rest_route=\/wp\/v2\/pages\/91"}],"collection":[{"href":"http:\/\/staatserbschaften.de\/index.php?rest_route=\/wp\/v2\/pages"}],"about":[{"href":"http:\/\/staatserbschaften.de\/index.php?rest_route=\/wp\/v2\/types\/page"}],"author":[{"embeddable":true,"href":"http:\/\/staatserbschaften.de\/index.php?rest_route=\/wp\/v2\/users\/1"}],"replies":[{"embeddable":true,"href":"http:\/\/staatserbschaften.de\/index.php?rest_route=%2Fwp%2Fv2%2Fcomments&post=91"}],"version-history":[{"count":5,"href":"http:\/\/staatserbschaften.de\/index.php?rest_route=\/wp\/v2\/pages\/91\/revisions"}],"predecessor-version":[{"id":186,"href":"http:\/\/staatserbschaften.de\/index.php?rest_route=\/wp\/v2\/pages\/91\/revisions\/186"}],"wp:attachment":[{"href":"http:\/\/staatserbschaften.de\/index.php?rest_route=%2Fwp%2Fv2%2Fmedia&parent=91"}],"curies":[{"name":"wp","href":"https:\/\/api.w.org\/{rel}","templated":true}]}}